of 24 and 3576?
24
Calculate the highest common divisor of 714 and 255.
51
What is the highest common factor of 16 and 2032?
16
Calculate the greatest common divisor of 289 and 4216.
17
What is the highest common divisor of 75 and 12525?
75
Calculate the greatest common divisor of 146 and 16279.
73
Calculate the greatest common factor of 7964 and 905.
181
Calculate the highest common divisor of 120 and 15.
15
What is the highest common divisor of 2664 and 12?
12
What is the greatest common divisor of 2774 and 38?
38
Calculate the greatest common factor of 351 and 1323.
27
Calculate the highest common divisor of 61794 and 18.
18
What is the highest common factor of 88 and 66?
22
Calculate the greatest common divisor of 5513 and 745.
149
Calculate the greatest common factor of 2 and 362.
2
What is the highest common divisor of 36 and 268?
4
Calculate the greatest common factor of 125 and 20.
5
Calculate the highest common divisor of 65 and 135.
5
What is the highest common divisor of 22 and 3179?
11
What is the highest common factor of 16 and 52?
4
Calculate the highest common factor of 96 and 6.
6
Calculate the highest common factor of 147 and 4179.
21
Calculate the greatest common factor of 1440 and 270.
90
What is the highest common factor of 376 and 423?
47
What is the greatest common factor of 84 and 231?
21
What is the greatest common divisor of 52 and 117?
13
Calculate the highest common divisor of 20 and 21260.
20
Calculate the greatest common divisor of 3 and 99.
3
Calculate the highest common divisor of 165 and 3531.
33
Calculate the highest common divisor of 480 and 48.
48
Calculate the highest common factor of 45 and 55.
5
Calculate the highest common factor of 36 and 666.
18
What is the greatest common factor of 2130 and 15?
15
What is the highest common divisor of 36 and 1392?
12
Calculate the greatest common divisor of 161 and 1058.
23
What is the highest common factor of 1683 and 1287?
99
What is the greatest common factor of 4067 and 441?
49
Calculate the highest common factor of 91 and 7.
7
Calculate the greatest common divisor of 13026 and 156.
78
Calculate the highest common divisor of 8667 and 81.
81
Calculate the greatest common divisor of 135 and 15.
15
What is the highest common factor of 13 and 117?
13
What is the greatest common factor of 1 and 3176?
1
What is the greatest common factor of 508 and 12?
4
What is the highest common factor of 142 and 497?
71
What is the greatest common divisor of 330 and 44?
22
What is the greatest common divisor of 27 and 99?
9
Calculate the highest common divisor of 8 and 13784.
8
What is the greatest common factor of 255 and 105?
15
What is the greatest common factor of 100 and 1175?
25
What is the greatest common divisor of 8 and 904?
8
Calculate the greatest common factor of 7238 and 28.
14
What is the greatest common factor of 1175 and 5?
5
What is the greatest common divisor of 48 and 6?
6
What is the highest common divisor of 1775 and 71?
71
What is the greatest common divisor of 24 and 128?
8
Calculate the greatest common factor of 968 and 11.
11
What is the highest common factor of 37 and 31043?
37
Calculate the highest common divisor of 94 and 9353.
47
Calculate the greatest common divisor of 66 and 12386.
22
Calculate the greatest common divisor of 2 and 2594.
2
Calculate the greatest common factor of 208 and 3380.
52
Calculate the highest common factor of 180 and 2028.
12
What is the highest common factor of 84 and 84?
84
What is the greatest common factor of 3425 and 25?
25
Calculate the greatest common divisor of 17 and 493.
17
Calculate the highest common divisor of 120 and 264.
24
What is the greatest common divisor of 763 and 2071?
109
Calculate the highest common factor of 14 and 854.
14
Calculate the highest common factor of 11 and 913.
11
What is the greatest common factor of 33 and 6?
3
Calculate the highest common factor of 374 and 85.
17
What is the greatest common divisor of 24 and 12?
12
Calculate the highest common factor of 672 and 324.
12
What is the greatest common divisor of 7 and 13?
1
What is the highest common factor of 84 and 252?
84
Calculate the greatest common factor of 2840 and 1278.
142
Calculate the highest common divisor of 444 and 333.
111
What is the greatest common factor of 19 and 12?
1
What is the greatest common factor of 14317 and 139?
139
What is the greatest common divisor of 759 and 132?
33
Calculate the greatest common factor of 785 and 5.
5
What is the greatest common divisor of 456 and 24396?
228
Calculate the highest common factor of 135 and 108.
27
What is the greatest common divisor of 5211 and 27?
27
Calculate the greatest common factor of 15 and 285.
15
Calculate the highest common divisor of 130 and 19058.
26
What is the highest common divisor of 560 and 168?
56
What is the highest common divisor of 368 and 16?
16
Calculate the highest common divisor of 64 and 1352.
8
What is the greatest common divisor of 75 and 93?
3
Calculate the greatest common divisor of 2325 and 675.
75
What is the greatest common divisor of 52770 and 60?
30
Calculate the highest common factor of 1150 and 15410.
230
What is the highest common divisor of 3350 and 50?
50
What is the highest common divisor of 6129 and 27?
27
Calculate the greatest common divisor of 8841 and 7.
7
Calculate the highest common divisor of 484 and 132.
44
What is the highest common divisor of 39510 and 15?
15
What is the greatest common divisor of 1329 and 9?
3
What is the highest common divisor of 481 and 296?
37
Calculate the greatest common divisor of 8897 and 217.
217
What is the highest common divisor of 608 and 32?
32
Calculate the greatest common factor of 144 and 10800.
144
Calculate the greatest common factor of 75 and 13475.
25
What is the greatest common divisor of 230 and 46?
46
Calculate the highest common factor of 53 and 16.
1
Calculate the highest common factor of 66 and 3.
3
What is the highest common factor of 11740 and 20?
20
What is the highest common factor of 14972 and 76?
76
What is the greatest common divisor of 11 and 1661?
11
Calculate the greatest common factor of 624 and 36.
12
What is the highest common divisor of 220 and 60?
20
Calculate the greatest common divisor of 704 and 7216.
176
Calculate the greatest common factor of 23790 and 12.
6
What is the highest common divisor of 440 and 616?
88
Calculate the greatest common divisor of 43 and 344.
43
What is the greatest common divisor of 19995 and 3?
3
Calculate the highest common factor of 40 and 920.
40
What is the greatest common factor of 5673 and 427?
61
What is the greatest common divisor of 245 and 196?
49
Calculate the greatest common factor of 207 and 18.
9
Calculate the highest common divisor of 837 and 31.
31
Calculate the greatest common factor of 225 and 100.
25
Calculate the greatest common factor of 27 and 351.
27
Calculate the highest common divisor of 1147 and 407.
37
Calculate the greatest common divisor of 147 and 245.
49
Calculate the greatest common divisor of 380 and 114.
38
What is the greatest common divisor of 13390 and 130?
130
What is the highest common factor of 87 and 6699?
87
Calculate the highest common divisor of 9548 and 28.
28
Calculate the greatest common divisor of 20 and 340.
20
What is the highest common factor of 15 and 915?
15
What is the greatest common factor of 68 and 4?
4
What is the highest common factor of 5460 and 525?
105
What is the greatest common divisor of 4769 and 57?
19
What is the highest common divisor of 15798 and 6?
6
What is the highest common divisor of 507 and 273?
39
What is the greatest common factor of 16 and 144?
16
Calculate the greatest common factor of 23 and 1863.
23
Calculate the greatest common divisor of 27 and 360.
9
What is the highest common factor of 105 and 6160?
35
Calculate the highest common factor of 435 and 45.
15
Calculate the highest common divisor of 15476 and 438.
146
What is the highest common factor of 1200 and 7400?
200
What is the highest common factor of 126 and 72702?
126
Calculate the highest common factor of 925 and 25.
25
Calculate the greatest common divisor of 51472 and 16.
16
What is the highest common divisor of 256 and 12160?
128
What is the greatest common divisor of 24605 and 185?
185
Calculate the